 What is the remainder when q is divided by 61?
27
Let c(y) = -y**2 - 44*y - 477. What is the remainder when 44 is divided by c(-22)?
2
Suppose 528*h = 621*h - 2139. What is the remainder when 1510 is divided by h?
15
Suppose 7*u - 858 = -w + 6*u, 5*u = -w + 878. Calculate the remainder when w is divided by 72.
61
Suppose 10*l = 14*l - 148. Let u(z) = z**2 - 17*z - 35. Let t be u(14). Let o = -5 - t. What is the remainder when o is divided by l?
35
Let t be (-3)/6*1*-348. Let w = t - 92. Suppose 0 = -965*n - 6543 + 18547 + 4401. Calculate the remainder when w is divided by n.
14
Let w = 7038 - 2072. What is the remainder when w is divided by 54?
52
Suppose -4*c - f + 183 = 0, c + 17*f - 14*f = 54. Let o(y) = -2 - 2*y + 3*y - 11*y - 8*y. What is the remainder when c is divided by o(-1)?
13
Let c(z) = 4*z**3 - 344*z**2 - z + 152. What is the remainder when 418 is divided by c(86)?
22
Let l be 18 - 1 - (-4)/(-2). Let t be (-22)/(-253) + 201/69. Suppose -t*j - 84 = -l*j. Calculate the remainder when 32 is divided by j.
4
Suppose 6*m - 158*j = -154*j + 3494, -m + 4*j + 639 = 0. Let t = 92 + -40. What is the remainder when m is divided by t?
51
Let y(v) = -1705*v + 5188. What is the remainder when 452 is divided by y(3)?
14
Let m(f) = f + 45. Let z = -56 + 58. What is the remainder when z*3*(-29)/(-2) is divided by m(-15)?
27
Let s(h) = 50*h - 84. Let x be 2/7 + 76/28. Suppose -2*k = -x*k + 9. What is the remainder when s(2) is divided by k?
7
Suppose 4*r - 780 = -7*r - r. Calculate the remainder when 210 is divided by r.
15
Suppose -25*x - 3740 = -5140. What is the remainder when 1337 is divided by x?
49
Suppose 5*m - 3*a - 78 = 0, 88 = 3*m + m + 4*a. Let w(n) = 4*n + 19. Let o be w(13). Suppose 0 = -65*k + o*k - 30. What is the remainder when m is divided by k?
3
Let d(m) = -3*m + 17. Let y be d(9). Let q be (10/25)/((-2)/y). Suppose -7*u + q*u = -255. Calculate the remainder when u is divided by 13.
12
Let h = -422 + 441. Suppose 14*m + 585 = h*m + g, -4*m = -2*g - 468. Calculate the remainder when m is divided by 24.
21
Let l = 13 - -25. What is the remainder when l is divided by (-5)/3*(-17 - (-15 + 4))?
8
Let g(i) = 2*i - 4. Let o(n) = 3*n + 23. Let l be o(-7). Let w be g(l). Suppose w = 3*m + 45 - 120. Calculate the remainder when 97 is divided by m.
22
Suppose 0 = -3*g + 4*k + 29, 23*k - 20*k = -15. Calculate the remainder when 806 is divided by g.
2
Let x(t) = 47*t + 368. Let q(b) = -25*b - 184. Let u(d) = -11*q(d) - 6*x(d). Calculate the remainder when u(-30) is divided by 16.
10
What is the remainder when 898 is divided by (5/(-2))/(850/(-33320))?
16
Suppose -1540 - 422 = -9*b. Let o(q) = q**2 + 1. What is the remainder when b is divided by o(4)?
14
Let s(w) = 5*w + 509. What is the remainder when s(53) is divided by 41?
36
Suppose i = -3*x - 296 - 4, -3*x = 2*i + 588. Let q = i + 315. What is the remainder when 153 is divided by q?
18
Let x(p) be the third derivative of 7*p**4/24 - 7*p**3/6 - 4*p**2. Calculate the remainder when x(7) is divided by (7 - (-150)/(-20))*-22.
9
Suppose -723 = -2*o + 3*c, -3*o - 2*o + 1773 = 4*c. Calculate the remainder when o/68 + 1/(-4) is divided by 4.
1
Let r = -330 - -334. Suppose 2*a - 84 = -3*d, -3*a - 82 = -5*a - r*d. What is the remainder when 134 is divided by a?
44
Suppose -2*n - 3*j = -258 - 148, 4*n - 5*j - 856 = 0. Let o be 5/(60/3368) - 1/(-3). Suppose 0 = 5*f - n - o. What is the remainder when f is divided by 10?
8
Let v = 3438 - 3249. Calculate the remainder when 1685 is divided by v.
173
Suppose 8 = -4*y, y - 62 = -7*g + 5*g. Calculate the remainder when 860 is divided by g.
28
Let y = -6631 - -7393. Calculate the remainder when y is divided by 140.
62
Let h(s) = s**3 + 15*s**2 - 18*s - 19. Calculate the remainder when h(-11) is divided by 182.
117
Let w be ((-4199)/68)/((-10)/8 + 1). Suppose -w*y + 16 = -239*y. Calculate the remainder when 28 is divided by y.
0
Suppose 252*h = 179*h + 584. What is the remainder when 116 is divided by h?
4
Let j(c) = -c**2 - 78*c - 1472. What is the remainder when 53 is divided by j(-33)?
1
Suppose -14*w - 22790 = -22*w - 78*w. Calculate the remainder when w is divided by 140.
125
Let i = 103 + 50. Let w = i - 140. What is the remainder when w is divided by 4?
1
Let j(s) = 11*s**2 - 102*s - 61. Calculate the remainder when j(12) is divided by 97.
8
Suppose -614*z + 609*z = 705. Let t = z - -469. Calculate the remainder when t is divided by 30.
28
Let f(o) = 51*o + 359. What is the remainder when 231 is divided by f(-5)?
23
Suppose 0 = 2*v - 4*v + 10. Suppose 0 = -12*z + 10354 - 9226. What is the remainder when z is divided by v?
4
Suppose -5*s - 4*y = -0*y - 3578, 3*y = -4*s + 2863. Let w = 81672 - 81642. Calculate the remainder when s is divided by w.
28
Let c = 1769 + -643. What is the remainder when c is divided by 12?
10
Suppose 0 = -4*x + 6 + 10. Let d be ((-497)/(-14) - -3) + 6/x. Let z = d + -11. Calculate the remainder when z is divided by 17.
12
Let l = 6612 + -6516. Let f(t) = 3*t**2 + 9*t + 17. Calculate the remainder when f(-9) is divided by l.
83
Let j(d) = -d**2 + 14*d - 37. Let b be j(11). Calculate the remainder when ((-80)/(-25) + b)*-95 is divided by 16.
12
Let o(s) be the third derivative of 17*s**5/20 + s**4/3 - 7*s**3/6 + s**2 - 42. Calculate the remainder when 138 is divided by o(1).
34
Suppose 10726 = 25*p + 37*p. Suppose -37 = 4*s - p. What is the remainder when 92 is divided by s?
24
Let a = 14 - 14. Suppose a = -4*d + 2*k - 30, -3*d + 4 - 49 = 3*k. Calculate the remainder when 477/6 - 5/d is divided by 9.
8
Let m(p) = -312*p + 669. What is the remainder when m(-7) is divided by 24?
21
Suppose 4*k = -337 - 3. Let m = 345 - k. Calculate the remainder when m is divided by 36.
34
Let u(i) = -76*i + 12. What is the remainder when u(-6) is divided by 457?
11
Suppose -5*b + 67 = 23*x - 21*x + 24, -b - 3 = 0. Suppose -3*i = i. Suppose t - 76 + 21 = i. What is the remainder when t is divided by x?
26
Let m be -1 + 0 - (-8 + (-193)/1). Let p = m + -188. Let n = -11 - -39. Calculate the remainder when n is divided by p.
4
Let n = -2 - -29. Suppose 4*w - 86 = f, 4*w + 4 = 8. Let l = -35 - f. Calculate the remainder when l is divided by n.
20
Suppose 0 = 4*k - 8, 40 = 3*m + 4*k - 7. Suppose 0*x - m*x = -481. What is the remainder when 183 is divided by x?
35
Let z = 16 + -11. Suppose -3*j + 7*j - 88 = 2*u, 0 = j - z*u - 40. Suppose 2*t - j = 4*m, t - 35 = -3*t + 3*m. Calculate the remainder when 22 is divided by t.
6
Suppose -5*q + 30 = -3*q. Let d be (q/3)/(-3 - -4). Calculate the remainder when 39 is divided by d*21/(-5)*-1.
18
Let t(z) = -z**2 - 9*z - 46. Let c be t(-17). Let d = -157 - c. Calculate the remainder when 59 is divided by d.
9
Let z(r) = 20*r - 29 - 49*r**2 - 54*r**2 + 102*r**2. Calculate the remainder when z(15) is divided by 6.
4
Suppose -3*n - o = 2*o - 30, -4*n = -3*o - 61. Suppose 5*f - 16 = 4*p + n, -3*p + 17 = 4*f. What is the remainder when ((-12)/14)/((-2)/28) is divided by f?
2
Let i(n) = 14*n + 29. Let x be i(-7). Let f = 89 + x. What is the remainder when 3 + (-1 - (1 + -71)) is divided by f?
12
Let y(c) = c**2 + 120*c - 121*c - 7*c**3 + 7 + 8*c**3 - 1. What is the remainder when 13 is divided by y(-2)?
1
Let v be (-4)/((-168)/(-174) + -1). Let l = v + -82. What is the remainder when 90 is divided by l?
22
Let w(o) = 9*o**2 - 19*o + 386. What is the remainder when w(18) is divided by 52?
48
Let n(s) be the second derivative of 3/4*s**4 + 1/20*s**5 - 5/2*s**2 + 16*s + 0 + 4/3*s**3. What is the remainder when 219 is divided by n(-7)?
34
Let m(j) = 30*j**2 + 6*j + 9. Let x be m(-5). What is the remainder when 16/56 - (x/(-21) - -1) is divided by -3 + -2 + 3 + 9?
6
Suppose -5*d + 424 - 44 = 0. Let x(v) = v + 11 + 1 + 3 - 2*v. Calculate the remainder when d is divided by x(8).
6
Let l = -52 + 64. Let b be (l + -17)*12/(-15). Suppose -5*y = b*d - 2*y - 31, -4*d + 3*y = -1. What is the remainder when 15 is divided by d?
3
Let o = -893 + 1430. Suppose -35*g + 373 = -o. What is the remainder when g is divided by 22?
4
Let z(l) = 13*l - 16. Let y be z(2). Suppose -17*t + 147 = -y*t. Calculate the remainder when 81 is divided by t.
18
Let i = -12 - -61. Let r = -9 - -14. Suppose 4*x = 3*a - 19, -84 = -r*a - 5*x + 6. Calcula